{"id":191,"date":"2020-10-26T13:27:52","date_gmt":"2020-10-26T13:27:52","guid":{"rendered":"http:\/\/www.mamo.com.tr\/?page_id=191"},"modified":"2021-09-27T18:33:59","modified_gmt":"2021-09-27T18:33:59","slug":"merhaba","status":"publish","type":"page","link":"https:\/\/www.mamo.com.tr\/index.php\/merhaba\/","title":{"rendered":"Merhaba"},"content":{"rendered":"<p style=\"text-align: justify;\"><span style=\"color: #000000;\"><img loading=\"lazy\" decoding=\"async\" class=\"alignleft wp-image-103 size-medium\" src=\"http:\/\/www.mamo.com.tr\/wp-content\/uploads\/2020\/10\/IOG-Merhaba-480x640-1-199x300.jpg\" alt=\"\" width=\"199\" height=\"300\" srcset=\"https:\/\/www.mamo.com.tr\/wp-content\/uploads\/2020\/10\/IOG-Merhaba-480x640-1-199x300.jpg 199w, https:\/\/www.mamo.com.tr\/wp-content\/uploads\/2020\/10\/IOG-Merhaba-480x640-1.jpg 640w\" sizes=\"(max-width: 199px) 100vw, 199px\" \/>Meme g\u00f6r\u00fcnt\u00fcleme y\u00f6ntemleri alan\u0131nda 25 y\u0131ll\u0131k yurti\u00e7i ve yurtd\u0131\u015f\u0131 deneyimlerimle, hastalar\u0131ma faydal\u0131 olmak i\u00e7in emek verdi\u011fim Ege \u00dcniversitesi T\u0131p Fak\u00fcltesi Radyoloji Anabilim Dal\u0131\u2019ndan 2020 y\u0131l\u0131n\u0131n ba\u015f\u0131nda emekli olarak ayr\u0131ld\u0131m. Ya\u015fam\u0131m\u0131n bu yeni d\u00f6neminde; bug\u00fcne kadar edindi\u011fim mesleki birikimlerle; daha samimi ve daha s\u0131cak bir ortamda, ve de daha geni\u015f bir zaman diliminde, hastalar\u0131ma daha da faydal\u0131 olmak istiyorum. <\/span><\/p>\n<p style=\"text-align: justify;\"><span style=\"color: #000000;\">Bu ama\u00e7la, meme hastal\u0131klar\u0131n\u0131n tarama ve tan\u0131s\u0131 konusunda, teknolojinin sundu\u011fu en g\u00fcncel \u00f6zelliklere sahip radyoloji cihazlar\u0131n\u0131 i\u00e7eren MAMO T\u0131bbi G\u00f6r\u00fcnt\u00fcleme Merkezi\u2019nde, \u00e7ok sevdi\u011fim ve g\u00f6n\u00fcl verdi\u011fim hekimlik sanat\u0131n\u0131 s\u00fcrd\u00fcrmeyi hedefliyorum. <\/span><\/p>\n<p style=\"text-align: justify;\"><span style=\"color: #000000;\">Bu amac\u0131m\u0131 ger\u00e7ekle\u015ftirme yolunda bana i\u00e7ten teklif ve te\u015fvikte bulunan aileme, t\u00fcm hastalar\u0131ma ve t\u00fcm arkada\u015flar\u0131ma \u00e7ok te\u015fekk\u00fcr ediyorum. <\/span><br \/>\n<span style=\"color: #000000;\">Sayg\u0131lar\u0131mla,<\/span><\/p>\n<p><img loading=\"lazy\" decoding=\"async\" class=\"wp-image-108 size-thumbnail alignnone\" src=\"http:\/\/www.mamo.com.tr\/wp-content\/uploads\/2020\/10\/Damga-150x150.jpg\" alt=\"\" width=\"150\" height=\"150\" \/><\/p>\n<p style=\"text-align: justify;\">\n","protected":false},"excerpt":{"rendered":"<p>Meme g\u00f6r\u00fcnt\u00fcleme y\u00f6ntemleri alan\u0131nda 25 y\u0131ll\u0131k yurti\u00e7i ve yurtd\u0131\u015f\u0131 deneyimlerimle, hastalar\u0131ma faydal\u0131 olmak i\u00e7in emek verdi\u011fim Ege \u00dcniversitesi T\u0131p Fak\u00fcltesi Radyoloji Anabilim Dal\u0131\u2019ndan 2020 y\u0131l\u0131n\u0131n ba\u015f\u0131nda emekli olarak ayr\u0131ld\u0131m. Ya\u015fam\u0131m\u0131n bu yeni d\u00f6neminde; bug\u00fcne kadar edindi\u011fim mesleki birikimlerle; daha samimi ve daha s\u0131cak bir ortamda, ve de daha geni\u015f bir zaman diliminde, hastalar\u0131ma daha da&hellip; <br \/> <a class=\"read-more\" href=\"https:\/\/www.mamo.com.tr\/index.php\/merhaba\/\">Devam\u0131<\/a><\/p>\n","protected":false},"author":1,"featured_media":0,"parent":0,"menu_order":0,"comment_status":"closed","ping_status":"closed","template":"","meta":{"footnotes":""},"_links":{"self":[{"href":"https:\/\/www.mamo.com.tr\/index.php\/wp-json\/wp\/v2\/pages\/191"}],"collection":[{"href":"https:\/\/www.mamo.com.tr\/index.php\/wp-json\/wp\/v2\/pages"}],"about":[{"href":"https:\/\/www.mamo.com.tr\/index.php\/wp-json\/wp\/v2\/types\/page"}],"author":[{"embeddable":true,"href":"https:\/\/www.mamo.com.tr\/index.php\/wp-json\/wp\/v2\/users\/1"}],"replies":[{"embeddable":true,"href":"https:\/\/www.mamo.com.tr\/index.php\/wp-json\/wp\/v2\/comments?post=191"}],"version-history":[{"count":23,"href":"https:\/\/www.mamo.com.tr\/index.php\/wp-json\/wp\/v2\/pages\/191\/revisions"}],"predecessor-version":[{"id":476,"href":"https:\/\/www.mamo.com.tr\/index.php\/wp-json\/wp\/v2\/pages\/191\/revisions\/476"}],"wp:attachment":[{"href":"https:\/\/www.mamo.com.tr\/index.php\/wp-json\/wp\/v2\/media?parent=191"}],"curies":[{"name":"wp","href":"https:\/\/api.w.org\/{rel}","templated":true}]}}