{"id":113,"date":"2020-10-26T09:32:43","date_gmt":"2020-10-26T09:32:43","guid":{"rendered":"http:\/\/www.mamo.com.tr\/?page_id=113"},"modified":"2021-09-27T18:41:31","modified_gmt":"2021-09-27T18:41:31","slug":"uluslararasi-bildiriler","status":"publish","type":"page","link":"https:\/\/www.mamo.com.tr\/index.php\/uluslararasi-bildiriler\/","title":{"rendered":"Uluslararas\u0131 Bildiriler"},"content":{"rendered":"<p><span style=\"color: #000000;\"><strong>ULUSLARARASI B\u0130L\u0130MSEL TOPLANTILARDA SUNULAN B\u0130LD\u0130R\u0130LER\u0130M: <\/strong><\/span><\/p>\n<ol>\n<li style=\"text-align: justify;\"><span style=\"color: #000000;\">\u015eahin N, Okcu \u00d6S Oktay A, <strong>G\u00fcnhan Bilgen I<\/strong>. Comparison of the diagnostic accuracy of digital breast tomosynthesis and breast ultrasonography: A retrospective study. European Congress of Radiology (ECR) 28. February-4 March 2018, Vienna<\/span><\/li>\n<li style=\"text-align: justify;\"><span style=\"color: #000000;\">Y\u00fczkan S, Oktay A, <strong>G\u00fcnhan Bilgen I<\/strong>, Okcu \u00d6S, Hekimsoy \u0130. \u201cDual energy contrast enhanced digital mammography: Technique, indications and comparison with MRI \/ mammography\u201d <em>XVI. Balkan Congress of Radiology, ESOR Course<\/em>, 4-6. October.2018, Ku\u015fadas\u0131<\/span><\/li>\n<li style=\"text-align: justify;\"><span style=\"color: #000000;\">K\u00fcsbeci M, <strong>G\u00fcnhan Bilgen I<\/strong>, Oktay A, Okcu \u00d6S, Zekio\u011flu O. \u201cDCE MRI evaluation of non-mass enhancing breast lesions: correlation with histopathology\u201d. European Congress of Radiology (ECR), February-4.March.2018, Vienna<\/span><\/li>\n<li style=\"text-align: justify;\"><span style=\"color: #000000;\">Ok\u00e7u \u00d6S, <strong style=\"font-size: inherit;\">G\u00fcnhan Bilgen I<\/strong><span style=\"font-size: inherit;\">, Oktay A. Breast edema related to extramammary disease : Etiology and radiologic findings. European Congress of Radiology, 2-6 March 2016, Vienna<\/span><\/span><\/li>\n<li style=\"text-align: justify;\"><span style=\"color: #000000;\">Ok\u00e7u \u00d6S, Can F, <strong style=\"font-size: inherit;\">G\u00fcnhan Bilgen I<\/strong><span style=\"font-size: inherit;\">, Oktay A.The value of BIRADS classification in peadiatric population and radiologic management of lesions. <\/span><em style=\"font-size: inherit;\">European Congress of Radiology (ECR)<\/em><span style=\"font-size: inherit;\"> 2015, Vienna<\/span><\/span><\/li>\n<li style=\"text-align: justify;\"><span style=\"color: #000000;\">Ok\u00e7u \u00d6S, Oktay A, Can F, <strong style=\"font-size: inherit;\">G\u00fcnhan<\/strong><strong style=\"font-size: inherit;\"> Bilgen I<\/strong><span style=\"font-size: inherit;\">. Excisional biopsy or long-term follow-up results in breast high-risk lesions diagnosed at core needle biopsy.\u00a0 European Congress of Radiology\u00a0 (ECR), 4-8. March. 2015, Vienna<\/span><\/span><\/li>\n<li style=\"text-align: justify;\"><span style=\"color: #000000;\">Can F, Ok\u00e7u \u00d6S, Oktay A, <strong style=\"font-size: inherit;\">G\u00fcnhan<\/strong><strong style=\"font-size: inherit;\"> Bilgen I.<\/strong><span style=\"font-size: inherit;\"> Imaging findings of malignancies arising within benign breast lesions. <\/span><em style=\"font-size: inherit;\">European Congress of Radiology\u00a0 (ECR), <\/em><span style=\"font-size: inherit;\">4-8. March. 2015, Vienna<\/span><\/span><\/li>\n<li style=\"text-align: justify;\"><span style=\"color: #000000;\">\u00d6zt\u00fcrk T, Oktay A, <strong style=\"font-size: inherit;\">G\u00fcnhan<\/strong><strong style=\"font-size: inherit;\"> Bilgen I<\/strong><span style=\"font-size: inherit;\">. \u2018The Effect of Tamoxifen on Breast Density in Breast Cancer Patients\u2019. <\/span><em style=\"font-size: inherit;\">European Congress of Radiology (ECR<\/em><span style=\"font-size: inherit;\">), 3-7. March.2011, Vienna<\/span><\/span><\/li>\n<li style=\"text-align: justify;\"><span style=\"color: #000000;\">D\u00f6nmez A, Ertan Y, <strong style=\"font-size: inherit;\">G\u00fcnhan<\/strong> <strong style=\"font-size: inherit;\">Bilgen I<\/strong><span style=\"font-size: inherit;\">, \u00c7a\u011f\u0131rgan S, Oktay A, \u00d6zdemir N, Tombulo\u011flu M. \u201cUnilateral breast infiltration of Waldenstrom macroglobu\u0131nemia in a patient with the diagnosis of breast cancer treated with mastectomy\u201d. <\/span><em style=\"font-size: inherit;\">30th World Congress of the ISH, \u0130stanbul , <\/em><span style=\"font-size: inherit;\">Turkish Journal of Haematology (Suppl), 22 (3), 558, 237, 2005<\/span><\/span><\/li>\n<li style=\"text-align: justify;\"><span style=\"color: #000000;\">Sara\u00e7 F, <strong style=\"font-size: inherit;\">G\u00fcnhan<\/strong> <strong style=\"font-size: inherit;\">Bilgen I<\/strong><span style=\"font-size: inherit;\">, G\u00f6khan \u00d6, Memi\u015f A, F\u00fcsun S, Y\u0131lmaz C. \u201cProlactin levels with mammography and ultrasound examination\u201d. <\/span><em style=\"font-size: inherit;\">12th International Congress of Endocrinology, Lisbon<\/em><span style=\"font-size: inherit;\">, Abstract Book, 227, 2004<\/span><\/span><\/li>\n<li style=\"text-align: justify;\"><span style=\"color: #000000;\">Ergin\u00f6z E, Memi\u015f A, <strong style=\"font-size: inherit;\">G\u00fcnhan<\/strong> <strong style=\"font-size: inherit;\">Bilgen I<\/strong><span style=\"font-size: inherit;\">, \u00dcst\u00fcn EE. \u201cThe sternalis muscle: An unusual anatomic variant that mimics breast malignancy.\u201d <\/span><em style=\"font-size: inherit;\">European Congress of Radiology (ECR) 2003, Vienna,<\/em><span style=\"font-size: inherit;\"> European Radiology, Vol 13 (suppl 1), 403-404, Springer-Verlag, Berlin, 2003.<\/span><\/span><\/li>\n<li style=\"text-align: justify;\"><span style=\"color: #000000;\">Memi\u015f A, <strong style=\"font-size: inherit;\">G\u00fcnhan<\/strong> <strong style=\"font-size: inherit;\">Bilgen I<\/strong><span style=\"font-size: inherit;\">, Altunel E, \u00dcst\u00fcn EE. \u201cOccult breast carcinoma presenting as axilllary lymph node metastasis without any imaging findings of the primary lesion.\u201d <\/span><em style=\"font-size: inherit;\">European Society of Breast Imaging (EUSOBI), 3 rd Annual Meeting, 2002, Stockholm, <\/em><span style=\"font-size: inherit;\">European Radiology, Vol 12, E11, Springer-Verlag, Berlin, 2002.<\/span><\/span><\/li>\n<li style=\"text-align: justify;\"><span style=\"color: #000000;\"><strong style=\"font-size: inherit;\">G\u00fcnhan<\/strong> <strong style=\"font-size: inherit;\">Bilgen I<\/strong><span style=\"font-size: inherit;\">, \u00dcst\u00fcn EE, Memi\u015f A. \u201cRadiological-pathological correlation of excised benign lesions during mammographic screening.\u201d <\/span><em style=\"font-size: inherit;\">European Congress of Radiology (ECR) 2001, Vienna,<\/em><span style=\"font-size: inherit;\"> European Radiology, Vol 11 (suppl 1), 112, Springer-Verlag, Berlin, 2001.<\/span><\/span><\/li>\n<li style=\"text-align: justify;\"><span style=\"color: #000000;\"><strong style=\"font-size: inherit;\">G\u00fcnhan<\/strong> <strong style=\"font-size: inherit;\">Bilgen I<\/strong><span style=\"font-size: inherit;\">, Memi\u015f A, \u00dcst\u00fcn EE. \u201cThe value of mammography and ultrasonography in the follow-up of breast carcinoma treated with neoadjuvant chemotherapy.\u201d <\/span><em style=\"font-size: inherit;\">European Congress of Radiology\u00a0 (ECR)\u00a0 2001, Vienna,<\/em><span style=\"font-size: inherit;\"> European Radiology, Vol 11 (suppl 1), 214, Springer-Verlag, Berlin, 2001.<\/span><\/span><\/li>\n<li style=\"text-align: justify;\"><span style=\"color: #000000;\"><strong style=\"font-size: inherit;\">G\u00fcnhan<\/strong> <strong style=\"font-size: inherit;\">Bilgen I,<\/strong><span style=\"font-size: inherit;\"> \u00dcst\u00fcn EE, Memi\u015f A, Y\u0131lmaz C. \u201cDiabetic mastopathy: radiological findings.\u201d <\/span><em style=\"font-size: inherit;\">1 st Congress of the World Society for Breast Health, \u0130stanbul,<\/em><span style=\"font-size: inherit;\"> The Breast Journal, Vol 7 (5), Blackwell Science, 66, 2001.<\/span><\/span><\/li>\n<li style=\"text-align: justify;\"><span style=\"color: #000000;\"><strong style=\"font-size: inherit;\">G\u00fcnhan<\/strong> <strong style=\"font-size: inherit;\">Bilgen I<\/strong><span style=\"font-size: inherit;\">, Memi\u015f A, \u00dcst\u00fcn EE. \u201cTubular carcinoma of the breast: mammographic and ultrasonographic features.\u201d <\/span><em style=\"font-size: inherit;\">1 st Congress of the World Society for Breast Health, \u0130stanbul,<\/em><span style=\"font-size: inherit;\"> The Breast Journal, Vol 7 (5), Blackwell Science, 65, 2001.<\/span><\/span><\/li>\n<li style=\"text-align: justify;\"><span style=\"color: #000000;\"><strong style=\"font-size: inherit;\">G\u00fcnhan<\/strong> <strong style=\"font-size: inherit;\">Bilgen I,<\/strong><span style=\"font-size: inherit;\"> G\u00fcr S, Memi\u015f A, \u00dcst\u00fcn EE. \u201cRadiological findings in Paget\u2019s disease of the breast.\u201d\u00a0 <\/span><em style=\"font-size: inherit;\">1 st Congress of the World Society for Breast Health, \u0130stanbul,<\/em><span style=\"font-size: inherit;\"> The Breast Journal, Vol 7 (5), Blackwell Science, 65,2001.<\/span><\/span><\/li>\n<li style=\"text-align: justify;\"><span style=\"color: #000000;\">Kapka\u00e7 M, Aynac\u0131 M, <strong style=\"font-size: inherit;\">G\u00fcnhan<\/strong> <strong style=\"font-size: inherit;\">Bilgen I<\/strong><span style=\"font-size: inherit;\">, Memi\u015f A, \u00d6zdemir N, \u00dcst\u00fcn EE, Erhan Y, \u00d6zbal O, Y\u0131lmaz R, \u00d6zdedeli E. \u201cClinical experience with DCIS (ductal carcinoma in situ) in Ege University.\u201d <\/span><em style=\"font-size: inherit;\">1 st Congress of the World Society for Breast Health. \u0130stanbul, <\/em><span style=\"font-size: inherit;\">The Breast Journal, Vol 7 (5), Blackwell Science, 51, 2001<\/span><\/span><\/li>\n<li style=\"text-align: justify;\"><span style=\"color: #000000;\">Sever A, Aydeniz \u00d6, \u00c7akmak \u00d6, Pourbager A, <strong style=\"font-size: inherit;\">G\u00fcnhan Bilgen I,<\/strong><span style=\"font-size: inherit;\"> Alper H, Elmas N. \u201cMRI and CT findings in echinococcus alveolaris infestation.\u201d <\/span><em style=\"font-size: inherit;\">European Society of Gastrointestinal and Abdominal Radiology (ESGAR), 12 th Annual Meeting and Postgraduate Course. Dublin<\/em><span style=\"font-size: inherit;\">, European Radiology, Vol 11, Springer \u2013 Verlag, Berlin, c55, 2001. <\/span><\/span><\/li>\n<li style=\"text-align: justify;\"><span style=\"color: #000000;\">Demirpolat G, Gemalmaz A, Cikrikcio\u011flu M, <strong style=\"font-size: inherit;\">G\u00fcnhan<\/strong> <strong style=\"font-size: inherit;\">Bilgen I<\/strong><span style=\"font-size: inherit;\">, Sava\u015f R, \u00c7all\u0131 C, Y\u00fcnten N, Alper H. \u201cThorax MRA: evaluation with 3D FISP and turbo MRA techniques.\u201d <\/span><em style=\"font-size: inherit;\">European Congress of Radiology 2000 (ECR\u201900), Vienna,<\/em><span style=\"font-size: inherit;\"> European Radiology, Vol 10 (suppl 1), 434, Springer-Verlag, Berlin, 2000.<\/span><\/span><\/li>\n<li style=\"text-align: justify;\"><span style=\"color: #000000;\">\u00c7etin M, Demirpolat G, <strong style=\"font-size: inherit;\">G\u00fcnhan<\/strong> <strong style=\"font-size: inherit;\">Bilgen I<\/strong><span style=\"font-size: inherit;\">, Elmas N.\u00a0 \u201cMRI findings of Gamma-Gandy bodies.\u201d <\/span><em style=\"font-size: inherit;\">European Congress of Radiology 2000 (ECR\u201900), Vienna,<\/em><span style=\"font-size: inherit;\"> European Radiology, Vol 10 (suppl 1), 308, Springer-Verlag, Berlin, 2000.<\/span><\/span><\/li>\n<li style=\"text-align: justify;\"><span style=\"color: #000000;\">Y\u00fcksel \u00d6, Kabasakal Y, Memi\u015f A, <strong style=\"font-size: inherit;\">G\u00fcnhan<\/strong> <strong style=\"font-size: inherit;\">Bilgen I<\/strong><span style=\"font-size: inherit;\">. \u201cPrevalence of spondylodiscitis in ankylosing spondylitis.\u201d <\/span><em style=\"font-size: inherit;\">9 th European Students Conference of the Charit\u00e9, Berlin,<\/em><span style=\"font-size: inherit;\"> Absract Book, 302, 1998.<\/span><\/span><\/li>\n<li style=\"text-align: justify;\"><span style=\"color: #000000;\">Y\u00fcnten N, <strong style=\"font-size: inherit;\">G\u00fcnhan I<\/strong><span style=\"font-size: inherit;\">, \u00dcst\u00fcn EE, Oksel F, G\u00fcm\u00fc\u015fdi\u015f G. \u201cMRI and CT demonstration of arachnoiditis causing cauda equina syndrome in ankylosing spondylitis.\u201d <\/span><em style=\"font-size: inherit;\">XXIII Congress of Neuroradiology, Oxford,<\/em><span style=\"font-size: inherit;\"> Neuroradiology, Vol 39 (suppl 1), 105, 1997<\/span><\/span><\/li>\n<li style=\"text-align: justify;\"><span style=\"color: #000000;\">Elmas N, <strong style=\"font-size: inherit;\">G\u00fcnhan I<\/strong><span style=\"font-size: inherit;\">, Killi R, Arg\u0131n M, Sava\u015f R, \u00dcst\u00fcn EE. \u201cSecondary neoplasia of the small bowel: report of three cases.\u201d <\/span><em style=\"font-size: inherit;\">European Congress of Radiology 1997 (ECR\u2019 97),\u00a0 Vienna,<\/em><span style=\"font-size: inherit;\"> European Radiology, Vol 7, 309, Springer-Verlag, Berlin, 1997.<\/span><\/span><\/li>\n<li style=\"text-align: justify;\"><span style=\"color: #000000;\"><strong style=\"font-size: inherit;\">G\u00fcnhan I<\/strong><span style=\"font-size: inherit;\">, Killi R, Elmas N, \u00d6z\u00fctemiz \u00d6. \u201cAneurysm of the paraumbilical collateral vein: report of three cases.\u201d <\/span><em style=\"font-size: inherit;\">European Society of Gastrointestinal and Abdominal Radiology (ESGAR),\u00a0 7 th Annual Meeting and Postgraduate Course<\/em><span style=\"font-size: inherit;\">, Heraklion, Absract Book, 134, 1996.<\/span><\/span><\/li>\n<li style=\"text-align: justify;\"><span style=\"color: #000000;\"><strong>G\u00fcnhan I<\/strong>, Killi R, Elmas N, \u00d6z\u00fctemiz \u00d6. \u201cFree-floating daughter cysts in peritoneal hydatidosis: the ultrasonographic ping-pong sign.\u201d <em>European Society of Gastrointestinal and Abdominal Radiology (ESGAR), 7 th Annual Meeting and Postgraduate Course<\/em>, Heraklion, Abstract Book, 122, 1996.<\/span><\/li>\n<li style=\"text-align: justify;\"><span style=\"color: #000000;\"><strong>G\u00fcnhan I<\/strong>, Par\u0131ldar M, Elmas N, Killi R, Oyar O, Alkanat M, Osmano\u011flu N. \u201cSmall bowel metastasis from non-small cell carcinoma of the lung: report of a case.\u201d <em>European Society of Gastrointestinal and Abdominal Radiology (ESGAR), 7 th Annual Meeting and Postgraduate Course,<\/em> Heraklion, Absract Book, 116, 1996.<\/span><\/li>\n<li style=\"text-align: justify;\"><span style=\"color: #000000;\">\u00c7all\u0131 C, Oyar O, Elms N, <strong style=\"font-size: inherit;\">G\u00fcnhan I<\/strong><span style=\"font-size: inherit;\">, Ba\u015f\u00e7\u0131 A, Sevin\u00e7 E, \u00dcst\u00fcn EE. \u201cCT peritoneography in evaluating the complications of continuous ambulatory peritoneal dialysis.\u201d <\/span><em style=\"font-size: inherit;\">European Society of Gastrointestinal and Abdominal Radiology (ESGAR), 7 th Annual Meeting and Postgraduate Course<\/em><span style=\"font-size: inherit;\">,\u00a0 Heraklion, Absract Book, 85, 1996.<\/span><\/span><\/li>\n<li style=\"text-align: justify;\"><span style=\"color: #000000;\"><strong style=\"font-size: inherit;\">G\u00fcnhan I<\/strong><span style=\"font-size: inherit;\">, Elmas N, Killi R,\u00a0 Oyar O,\u00a0 \u00dcst\u00fcn EE.\u00a0 \u201cPeriportal tracking at CT: clinical and diagnostic significance.\u201d <\/span><em style=\"font-size: inherit;\">European Society of Gastrointestinal and Abdominal Radiology<\/em><em style=\"font-size: inherit;\"> (<\/em><em style=\"font-size: inherit;\">ESGAR), 7 th Annual Meeting and Postgraduate Course,<\/em><span style=\"font-size: inherit;\"> Heraklion, Absract Book, 71, 1996.<\/span><\/span><\/li>\n<li style=\"text-align: justify;\"><span style=\"color: #000000;\">Killi MR, <strong style=\"font-size: inherit;\">G\u00fcnhan I<\/strong><span style=\"font-size: inherit;\">, Elmas N, Tun\u00e7y\u00fcrek M,\u00a0 Korkut M.\u00a0\u00a0 \u201cDoppler US evaluation of focal gastrointestinal masses: the importance of resistive index (RI) measurements.\u201d <\/span><em style=\"font-size: inherit;\">European Society of Gastrointestinal and Abdominal Radiology (ESGAR),\u00a0 7 th Annual Meeting and Postgraduate Course,<\/em><span style=\"font-size: inherit;\"> Heraklion, Crete, Absract Book, 58, 1996.<\/span><\/span><\/li>\n<\/ol>\n","protected":false},"excerpt":{"rendered":"<p>ULUSLARARASI B\u0130L\u0130MSEL TOPLANTILARDA SUNULAN B\u0130LD\u0130R\u0130LER\u0130M: \u015eahin N, Okcu \u00d6S Oktay A, G\u00fcnhan Bilgen I. Comparison of the diagnostic accuracy of digital breast tomosynthesis and breast ultrasonography: A retrospective study. European Congress of Radiology (ECR) 28. February-4 March 2018, Vienna Y\u00fczkan S, Oktay A, G\u00fcnhan Bilgen I, Okcu \u00d6S, Hekimsoy \u0130. \u201cDual energy contrast enhanced digital&hellip; <br \/> <a class=\"read-more\" href=\"https:\/\/www.mamo.com.tr\/index.php\/uluslararasi-bildiriler\/\">Devam\u0131<\/a><\/p>\n","protected":false},"author":1,"featured_media":0,"parent":0,"menu_order":0,"comment_status":"closed","ping_status":"closed","template":"","meta":{"footnotes":""},"_links":{"self":[{"href":"https:\/\/www.mamo.com.tr\/index.php\/wp-json\/wp\/v2\/pages\/113"}],"collection":[{"href":"https:\/\/www.mamo.com.tr\/index.php\/wp-json\/wp\/v2\/pages"}],"about":[{"href":"https:\/\/www.mamo.com.tr\/index.php\/wp-json\/wp\/v2\/types\/page"}],"author":[{"embeddable":true,"href":"https:\/\/www.mamo.com.tr\/index.php\/wp-json\/wp\/v2\/users\/1"}],"replies":[{"embeddable":true,"href":"https:\/\/www.mamo.com.tr\/index.php\/wp-json\/wp\/v2\/comments?post=113"}],"version-history":[{"count":5,"href":"https:\/\/www.mamo.com.tr\/index.php\/wp-json\/wp\/v2\/pages\/113\/revisions"}],"predecessor-version":[{"id":482,"href":"https:\/\/www.mamo.com.tr\/index.php\/wp-json\/wp\/v2\/pages\/113\/revisions\/482"}],"wp:attachment":[{"href":"https:\/\/www.mamo.com.tr\/index.php\/wp-json\/wp\/v2\/media?parent=113"}],"curies":[{"name":"wp","href":"https:\/\/api.w.org\/{rel}","templated":true}]}}